= -m*c + 2 - 2. What is the remainder when x(-1) is divided by 8?
6
Suppose -25 = -5*u - 0, o = -4*u + 18. What is the remainder when 8/6*(-24)/(-16) is divided by (-4)/(-3 + (-2)/o)?
0
Let n(b) be the first derivative of -b**2/2 + b - 1. Let v be n(-4). Suppose v*w - 7 = -2*l, -30 + 11 = -3*l + w. What is the remainder when 10 is divided by l?
4
Let u(x) = 2*x**2 + x - 1. Let o be u(4). Suppose 3*w = -2*w + o. Suppose 39 = 3*f - 0*f. What is the remainder when f is divided by w?
6
Suppose -36*n + 45 = -33*n. What is the remainder when n is divided by 8 + (0 + 0)*1?
7
Suppose 0 = -3*o - 4*q + 143, -5*o - 3*q = -163 - 57. Suppose 5 = -3*z + o. What is the remainder when 33 is divided by z?
9
Let k = -43 + 61. What is the remainder when k is divided by 4?
2
Let k be ((-81)/(-6))/((-6)/(-8)). Let f = k - 10. What is the remainder when 21 is divided by f?
5
What is the remainder when 31 is divided by (136/17)/(2/3)?
7
Let m(j) = 2*j**2 - 3*j - 4. Let x(b) be the first derivative of b**2/2 - b + 2. Let g be x(-2). What is the remainder when 67 is divided by m(g)?
21
Suppose 4*k - 192 = 4*c, -3*k - 4*c = 2*k - 258. Calculate the remainder when k is divided by 13.
11
Let l be -2 + 2 + (4 - -1). Suppose -l*n + 68 + 62 = 0. Suppose -2*i + m + 10 = -i, 5*m + 36 = 3*i. What is the remainder when n is divided by i?
5
Suppose -x + 0 = -1. Let h = -2 + x. What is the remainder when 47 is divided by 14 - h - (-1 - 0)?
15
Let x = 106 + -50. Calculate the remainder when x is divided by 19.
18
Suppose l + 12 = 2*l. Let q = -12 + 17. Suppose q*t = r - 2, 2*r + 32 = 4*r - 3*t. Calculate the remainder when r is divided by l.
10
Suppose 3*l - 8 = 16. Let u = l - -5. Calculate the remainder when 2 + (2 - -44) - -1 is divided by u.
10
Suppose 4*a + 148 = -40. Let f = a - -78. What is the remainder when f is divided by 17?
14
Suppose x - 3*x = -5*l + 69, 5*l = x + 67. What is the remainder when 63 is divided by l?
11
Suppose 0 = -13*b + 9*b + 76. Calculate the remainder when 31 is divided by b.
12
Suppose 0 = 2*m - 3*m + 4. Suppose -4*y = 3*v - m + 18, -4*y = 4*v + 12. Let w = v - -1. Calculate the remainder when 7 is divided by w.
1
Suppose 3*a + a + 2*x = 20, -22 = -2*a - 4*x. Let w be (-295)/(-15) + 2/6. Let i = w - 13. Calculate the remainder when i is divided by a.
1
Suppose -8*f + 4*f = -184. Let t = -32 + f. Calculate the remainder when 25 is divided by t.
11
Calculate the remainder when ((-13)/(-39))/(2/12) is divided by 1.
0
Suppose 0*b - 185 = -5*b. Calculate the remainder when b is divided by 13.
11
Let f(o) = -o + 3. Let a be f(5). Let n(z) = -6*z - 2. What is the remainder when 36 is divided by n(a)?
6
What is the remainder when 12/(-3) + 2 - -31 is divided by 6?
5
Let z = -56 + 87. Suppose -22*g = 52*g - 6734. Calculate the remainder when g is divided by z.
29
Let d(n) = -2 + n - 6 + 3*n. Calculate the remainder when d(7) is divided by 7.
6
Let z = 48 + -27. Calculate the remainder when z is divided by 11.
10
Let r(t) = 145*t**2. Let q be r(1). Suppose -v = -6*v + q. What is the remainder when v is divided by 16?
13
Suppose f - 14 = -3*r, -3*f + 15 + 0 = 0. Let h(y) = 5*y**2 + y**3 - 2 - 6*y**2 - r - 2*y. What is the remainder when h(4) is divided by 12?
11
Suppose 14*t - 987 = 7*t. Calculate the remainder when t is divided by 12.
9
Let s = 44 - 23. Calculate the remainder when 40 is divided by s.
19
Let n = 6 + -4. Suppose -n*z + 52 = 3*t, 0 = t + 4*z - z - 22. What is the remainder when 62 is divided by t?
14
Suppose 4*l - 145 - 19 = 0. What is the remainder when 80 is divided by l?
39
Let f(d) = d**3 - 7*d**2 - 4*d + 4. Let x be f(7). Let p = x - -69. What is the remainder when p is divided by 16?
13
Let k(y) = y**2 + y + 1. Let v(o) = 3*o**2 + 2*o - 1. Let h(l) = 5*k(l) - v(l). Calculate the remainder when h(-4) is divided by 9.
8
Let o(g) = 5*g + 3. Let y(w) = -26*w - 14. Let z(r) = 11*o(r) + 2*y(r). Calculate the remainder when 45 is divided by z(6).
22
Let c = 2 - -14. Let d(g) = 4*g - 6. Calculate the remainder when c is divided by d(3).
4
Let w(l) = l**3 + 2*l**2 + 2*l - 13. Let n be w(-9). Calculate the remainder when 53 is divided by n/(-22) - (-12)/(-66).
26
Let h(m) = 7*m**2 - 2*m - 1. Calculate the remainder when h(-2) is divided by 11.
9
Suppose -3*r - 15 = -48. Let p = 8 + 22. What is the remainder when p is divided by r?
8
Let p(w) = 8*w - 4. Suppose 0 = -3*o + 2*x + 163, 3*o - 161 = -55*x + 56*x. What is the remainder when o is divided by p(4)?
25
Suppose 2*b = j + 32, 5*b - 5*j - 23 = 52. Let d(v) = 4*v**2 - v - 2. Calculate the remainder when d(-4) is divided by b.
15
Let v(f) = f**2 - 3. Let q be v(4). Calculate the remainder when 61 is divided by -3*(q/(-3) - 1).
13
Let z be -5*(0 + 16/(-5)). Suppose -z = -0*n - n. Calculate the remainder when n is divided by 6.
4
Suppose 48 = 2*k + k. Suppose -n + 25 = 5*x, 6*x - 4*x + 5*n = 33. Calculate the remainder when x*(-1 + (-75)/(-6)) is divided by k.
14
Suppose i - 24 = 4*z, 0 = 2*i - z - 3*z - 32. What is the remainder when 29 is divided by i?
5
Let s = 27 + -15. Suppose 0 = 7*q - 2*q - 25. Calculate the remainder when s is divided by q.
2
Let w = 167 - 116. Calculate the remainder when w is divided by 31.
20
Suppose 4*v = 28 + 8. Let q = v + 2. What is the remainder when q is divided by 3?
2
Let y(o) = o**2 - o + 2. Let u(x) = x**2 - 3*x + 2. Let b = 13 - 9. What is the remainder when u(b) is divided by y(2)?
2
Let c(y) = 2*y**2 - 5*y + 1. Let b be c(-5). Calculate the remainder when 21 is divided by 2/(-3) - b/(-6).
9
Let s = -12 + 16. What is the remainder when 57 is divided by (-10)/(2*s/(-12))?
12
Suppose y - 3*k = -3*y + 2, -3*k + 8 = y. What is the remainder when 2 is divided by y?
0
Suppose -6*s + 2*s + 4 = 0, 0 = -3*m + s + 2. What is the remainder when -3*(m + 10/(-3)) is divided by (3/(9/(-15)) - -1)*-1?
3
Let q(z) = z**3 + 19. What is the remainder when q(0) is divided by (-4)/(-6)*(-42)/(-4)?
5
Suppose -2*a - 2*a + 24 = 4*t, 5*t - 18 = -3*a. Suppose 3*j = 4*i + 5, -2*j + i + a = 1. Suppose -4 - 6 = -2*s. What is the remainder when s is divided by j?
2
Let r(y) = -y**3 + 13*y**2 - 9*y + 2. What is the remainder when r(12) is divided by 8?
6
Suppose -3*t + 243 = 3*o, -2*t - 171 = -2*o - t. Suppose -3*q = q - o. Let y = 74 - 33. What is the remainder when y is divided by q?
20
Let f(h) = 3*h - 9. Calculate the remainder when 10 is divided by f(5).
4
Calculate the remainder when ((-56)/(-42))/(6/315) is divided by 18.
16
Let s(i) = i**3 + 5*i**2 - 7*i - 4. Calculate the remainder when 8 is divided by s(-6).
0
Suppose 23 = -3*o + 5. Calculate the remainder when (o - -4)*(-154)/4 is divided by 20.
17
Let g = 5 - 2. Let z(q) = 12*q**2 - 9*q - 10. Calculate the remainder when z(-1) is divided by g.
2
Let a = 40 - -2. Calculate the remainder when 124 is divided by a.
40
Let z = 10 - -5. Suppose -137 = -3*s - 8. What is the remainder when s/((-2)/2 + 2) is divided by z?
13
Calculate the remainder when 24 is divided by 2/(-4) - (-95)/10.
6
Suppose 0 = 6*d - 316 + 40. Calculate the remainder when d is divided by 12.
10
Suppose -27*b = -25*b - 38. Let v be (4/10)/((-1)/30). Let a = v + 48. What is the remainder when a is divided by b?
17
Suppose 41 = -r + 2*r. Calculate the remainder when r is divided by (4 + -4 - -12) + 2.
13
Let t(a) = a**3 - 6*a**2 - 10*a - 8. Suppose -4*q = -66 + 10. Calculate the remainder when t(8) is divided by q.
12
What is the remainder when -23*1/((-2)/2) is divided by 8?
7
Let f(c) = 10*c**2 - c + 1. Let u = -14 + 20. Let n(o) = -11*o**2 + o - 2. Let g(w) = u*f(w) + 5*n(w). What is the remainder when g(-3) is divided by 15?
14
Let p = -51 + 72. Let o(h) = 9*h**2 + h - 3. Let g(n) = n**2 + n. Let s(u) = g(u) + o(u). Calculate the remainder when s(2) is divided by p.
20
Suppose 0 = -3*o - 108 + 297. What is the remainder when o is divided by 13?
11
What is the remainder when 97 is divided by 2*(-2)/6 - 124/(-6)?
17
Suppose -n + 1 = 3. Let b be -1 + -10*1/n. Calculate the remainder when (6/b)/(12/256) is divided by 17.
15
What is the remainder when 159 is divided by (0 + 4)/(22/20 + -1)?
39
Let z(w) = -4*w. Suppose 5*q = -2*y + 87, 4*y - 3*q - 84 - 103 = 0. Calculate the remainder when y is divided by z(-4).
14
Let r = 6 - 4. Let s be ((-2)/r)/(3/(-6)). Calc